{"id":5,"date":"2009-08-05T12:45:57","date_gmt":"2009-08-05T10:45:57","guid":{"rendered":"http:\/\/www.martinglanz.com\/website\/?page_id=5"},"modified":"2024-11-19T15:31:20","modified_gmt":"2024-11-19T13:31:20","slug":"friends","status":"publish","type":"page","link":"http:\/\/www.martinglanz.com\/?page_id=5","title":{"rendered":"FRIENDS"},"content":{"rendered":"<p>Martin Bohn FORMFORMSUCHE <a href=\"http:\/\/formformsuche.de\" target=\"_blank\" rel=\"noopener noreferrer\">www.formformsuche.de<\/a><\/p>\n<p>B\u00fcro f\u00fcr Brauchbarkeit <a href=\"http:\/\/www.brauchbarkeit.de\" target=\"_blank\" rel=\"noopener noreferrer\">www.brauchbarkeit.de<\/a><\/p>\n<p>KA.E Kommunikationsdesign <a href=\"http:\/\/www.kae-gestaltung.de\" target=\"_blank\" rel=\"noopener noreferrer\">www.kae-gestaltung.de<\/a><\/p>\n<p>Schmiede M\u00fcnks <a href=\"http:\/\/www.schmiede-muenks.de\" target=\"_blank\" rel=\"noopener noreferrer\">www.schmiede-muenks.de<\/a><\/p>\n<p>Tischlerei Matth\u00e4us &amp; Busch <a title=\"www.matthaeusundbusch.de\" href=\"http:\/\/www.matthaeusundbusch.de\" target=\"_blank\" rel=\"noopener noreferrer\">www.mtths.de<\/a><\/p>\n<p>Galerie Norbert Arns&nbsp;<a href=\"http:\/\/www.galerienorbertarns.de\" target=\"_blank\" rel=\"noopener noreferrer\">www.galerienorbertarns.de<\/a><\/p>\n<p>Von Bartha Gallery&nbsp;<a href=\"https:\/\/www.vonbartha.com\" target=\"_blank\" rel=\"noopener noreferrer\">www.vonbartha.com<\/a><\/p>\n<p>Ode&amp;Dyck&nbsp;<a href=\"https:\/\/www.ode-dyck.de\"> www.ode-dyck.de<\/a><\/p>\n<p>Franca Neuburg Illustration &amp; Objekte<a href=\"https:\/\/francaneuburg.de\"> www.francaneuburg.de\/<\/a>&nbsp;<\/p>\n<p>YADASTAR brand consulting&nbsp;<a href=\"http:\/\/www.yadastar.com\" target=\"_blank\" rel=\"noopener noreferrer\">www.yadastar.com<\/a><\/p>\n<p>Galerie Gisela Capitain&nbsp;<a href=\"https:\/\/www.galeriecapitain.de\" target=\"_blank\" rel=\"noopener noreferrer\">www.galeriecapitain.de<\/a><\/p>\n<p>&nbsp;<\/p>\n<p>&nbsp;<\/p>\n<p>&nbsp;<\/p>\n<p>&nbsp;<\/p>\n","protected":false},"excerpt":{"rendered":"<p>Martin Bohn FORMFORMSUCHE www.formformsuche.de B\u00fcro f\u00fcr Brauchbarkeit www.brauchbarkeit.de KA.E Kommunikationsdesign www.kae-gestaltung.de Schmiede M\u00fcnks www.schmiede-muenks.de Tischlerei Matth\u00e4us &amp; Busch www.mtths.de Galerie Norbert Arns&nbsp;www.galerienorbertarns.de Von Bartha Gallery&nbsp;www.vonbartha.com Ode&amp;Dyck&nbsp; www.ode-dyck.de Franca Neuburg Illustration &amp; Objekte www.francaneuburg.de\/&nbsp; YADASTAR brand consulting&nbsp;www.yadastar.com Galerie Gisela Capitain&nbsp;www.galeriecapitain.de &nbsp; &nbsp; &nbsp; &nbsp;<\/p>\n","protected":false},"author":1,"featured_media":0,"parent":0,"menu_order":0,"comment_status":"open","ping_status":"open","template":"","meta":{"ngg_post_thumbnail":0,"footnotes":""},"_links":{"self":[{"href":"http:\/\/www.martinglanz.com\/index.php?rest_route=\/wp\/v2\/pages\/5"}],"collection":[{"href":"http:\/\/www.martinglanz.com\/index.php?rest_route=\/wp\/v2\/pages"}],"about":[{"href":"http:\/\/www.martinglanz.com\/index.php?rest_route=\/wp\/v2\/types\/page"}],"author":[{"embeddable":true,"href":"http:\/\/www.martinglanz.com\/index.php?rest_route=\/wp\/v2\/users\/1"}],"replies":[{"embeddable":true,"href":"http:\/\/www.martinglanz.com\/index.php?rest_route=%2Fwp%2Fv2%2Fcomments&post=5"}],"version-history":[{"count":19,"href":"http:\/\/www.martinglanz.com\/index.php?rest_route=\/wp\/v2\/pages\/5\/revisions"}],"predecessor-version":[{"id":9272,"href":"http:\/\/www.martinglanz.com\/index.php?rest_route=\/wp\/v2\/pages\/5\/revisions\/9272"}],"wp:attachment":[{"href":"http:\/\/www.martinglanz.com\/index.php?rest_route=%2Fwp%2Fv2%2Fmedia&parent=5"}],"curies":[{"name":"wp","href":"https:\/\/api.w.org\/{rel}","templated":true}]}}